{"id":121,"date":"2013-06-09T20:15:34","date_gmt":"2013-06-09T17:15:34","guid":{"rendered":"http:\/\/www.rukajarvensuunnanhistoriayhdistys.fi\/rukajarvikeskus\/?page_id=121"},"modified":"2022-05-21T14:20:04","modified_gmt":"2022-05-21T11:20:04","slug":"rukajarven-tie","status":"publish","type":"page","link":"http:\/\/www.rukajarvensuunnanhistoriayhdistys.fi\/rukajarvikeskus\/rukajarven-tie\/","title":{"rendered":"Rukaj\u00e4rven tie"},"content":{"rendered":"<div class=\"fcbkbttn_buttons_block\" id=\"fcbkbttn_left\"><div class=\"fcbkbttn_like \"><fb:like href=\"http:\/\/www.rukajarvensuunnanhistoriayhdistys.fi\/rukajarvikeskus\/rukajarven-tie\/\" action=\"like\" colorscheme=\"light\" layout=\"button_count\"  size=\"small\"><\/fb:like><\/div><\/div><p>Rukaj\u00e4rven tie kuuluu samaan kokonaisuuteen Rukaj\u00e4rvi-keskuksen kanssa. Tie l\u00e4htee it\u00e4\u00e4n Lieksan keskustasta ja menee Pankaj\u00e4rven ja nurmij\u00e4rven kylien kautta Suomen ja Ven\u00e4j\u00e4n rajalle Kivivaaraan. Sielt\u00e4 se jatkuu Ven\u00e4j\u00e4n puolella Repolan ja Tiiksan kautta Rukaj\u00e4rven kyl\u00e4n ohittaen Kotskomaan. Tie kulkee edelleen ihan pieni\u00e4 poikkeuksia lukuun ottamatta samaa reitti\u00e4 kuin sota-aikana.<\/p>\n<p><a href=\"http:\/\/www.rukajarvensuunnanhistoriayhdistys.fi\/rukajarvikeskus\/wp-content\/uploads\/2013\/06\/Rukaj\u00e4rven-tie-Lieksa.jpg\"><img loading=\"lazy\" decoding=\"async\" class=\"alignnone size-full wp-image-194\" src=\"http:\/\/www.rukajarvensuunnanhistoriayhdistys.fi\/rukajarvikeskus\/wp-content\/uploads\/2013\/06\/Rukaj\u00e4rven-tie-Lieksa.jpg\" alt=\"Rukaj\u00e4rven-tie-Lieksa\" width=\"732\" height=\"561\" srcset=\"http:\/\/www.rukajarvensuunnanhistoriayhdistys.fi\/rukajarvikeskus\/wp-content\/uploads\/2013\/06\/Rukaj\u00e4rven-tie-Lieksa.jpg 732w, http:\/\/www.rukajarvensuunnanhistoriayhdistys.fi\/rukajarvikeskus\/wp-content\/uploads\/2013\/06\/Rukaj\u00e4rven-tie-Lieksa-300x229.jpg 300w\" sizes=\"auto, (max-width: 732px) 100vw, 732px\" \/><\/a><\/p>\n<p>Suomen puolella Rukaj\u00e4rven tie on varsin hyv\u00e4ss\u00e4 kunnossa. Ven\u00e4j\u00e4n puolella sen sijaan tie on p\u00e4\u00e4osin heikkokuntoinen Tiiksaan asti. Siit\u00e4 eteenp\u00e4in tiet\u00e4 on kunnostettu toistakymment\u00e4 kilometri\u00e4. T\u00e4m\u00e4 p\u00e4tk\u00e4 on erinomaisessa kunnossa.<\/p>\n<p>Rukaj\u00e4rven tie-k\u00e4site vakiintui ja tuli laajemmin tunnetuksi <a href=\"http:\/\/www.kirjasampo.fi\/fi\/kulsa\/kauno%253Aperson_123175916423169\">Antti Tuurin kirjojen<\/a> ja elokuvan <a title=\"Traileri elokuvasta Rukaj\u00e4rven tie\" href=\"http:\/\/youtu.be\/uEQJwlQ1DGM\">Rukaj\u00e4rven tie<\/a> ilmestymisen j\u00e4lkeen. Nimi kuvaa osuvasti erityisolosuhteissa taistelleen joukko-osaston toimintaa. Divisioona oli suoraan ylip\u00e4\u00e4llik\u00f6n alainen, komentajana toimi ylip\u00e4\u00e4llik\u00f6n luottomies. Joukko-osaston huolto oli j\u00e4rjestetty p\u00e4\u00e4osin Rukaj\u00e4rven tien kautta.<\/p>\n<h2>Aloite Rukaj\u00e4rven tien nime\u00e4misest\u00e4<\/h2>\n<p>Lieksan Rajakilta oli vuonna 2004 nimennyt Rukaj\u00e4rven veteraani Pentti Perttulin ensimm\u00e4iseksi Vuoden Rajahenkil\u00f6ksi. Vastaanottaessaan t\u00e4t\u00e4 kunnianosoitusta Perttuli oli halunnut k\u00e4yd\u00e4 Kivivaarassa ja Kivipuron rajavartioasemalla, jonka vartioaseman kummiksi h\u00e4net oli nimetty vuonna 1977. T\u00e4m\u00e4n matkan yhteydess\u00e4 Perttuli oli tehnyt aloitteen Rukaj\u00e4rven tien nime\u00e4misest\u00e4.<\/p>\n<p>Rukaj\u00e4rven tie nimettiin 2.7.2011 Jukolan motissa pidetyss\u00e4 juhlassa. Vihkimisen suoritti Rukaj\u00e4rven veteraani kenraaliluutnantti Ermei Kanninen. Lieksan kaupunginhallitus teki varsinaisen p\u00e4\u00e4t\u00f6ksen 4.4.2011 Rukaj\u00e4rven suunnan historiayhdistyksen aloitteesta. Samana p\u00e4iv\u00e4n\u00e4 2.7.2011 j\u00e4rjestettiin vihkimistilaisuuden lis\u00e4ksi k\u00e4ynnit Puuruun, \u00c4n\u00e4k\u00e4isen ja Kivipuron opasteille sek\u00e4 Inarin ja Kivivaaran rajanylityspaikalle. Lis\u00e4ksi Timitran Linnassa j\u00e4rjestettiin Rukaj\u00e4rvi-seminaari, jossa kenraaliluutnantti Ermei Kanninen piti esitelm\u00e4n \u201dRukaj\u00e4rven suunnan taisteluista\u201d ja sotahistorioitsija Tauno Oksanen esitelm\u00e4n \u201dLieksan kauppala ja Pielisj\u00e4rven pit\u00e4j\u00e4 Rukaj\u00e4rven suunnan sodan tukialueena.\u201d Juhlallisuuksiin osallistui kaikkiaan n. 100 henkil\u00f6\u00e4.<\/p>\n<p><a href=\"http:\/\/www.rukajarvensuunnanhistoriayhdistys.fi\/rukajarvikeskus\/wp-content\/uploads\/2022\/05\/Jukolan-Motti-dsc01506-yleiso-alempi-resol.jpg\"><img loading=\"lazy\" decoding=\"async\" class=\"alignnone size-full wp-image-11147\" src=\"http:\/\/www.rukajarvensuunnanhistoriayhdistys.fi\/rukajarvikeskus\/wp-content\/uploads\/2022\/05\/Jukolan-Motti-dsc01506-yleiso-alempi-resol.jpg\" alt=\"\" width=\"1754\" height=\"1240\" srcset=\"http:\/\/www.rukajarvensuunnanhistoriayhdistys.fi\/rukajarvikeskus\/wp-content\/uploads\/2022\/05\/Jukolan-Motti-dsc01506-yleiso-alempi-resol.jpg 1754w, http:\/\/www.rukajarvensuunnanhistoriayhdistys.fi\/rukajarvikeskus\/wp-content\/uploads\/2022\/05\/Jukolan-Motti-dsc01506-yleiso-alempi-resol-300x212.jpg 300w, http:\/\/www.rukajarvensuunnanhistoriayhdistys.fi\/rukajarvikeskus\/wp-content\/uploads\/2022\/05\/Jukolan-Motti-dsc01506-yleiso-alempi-resol-1024x724.jpg 1024w, http:\/\/www.rukajarvensuunnanhistoriayhdistys.fi\/rukajarvikeskus\/wp-content\/uploads\/2022\/05\/Jukolan-Motti-dsc01506-yleiso-alempi-resol-768x543.jpg 768w, http:\/\/www.rukajarvensuunnanhistoriayhdistys.fi\/rukajarvikeskus\/wp-content\/uploads\/2022\/05\/Jukolan-Motti-dsc01506-yleiso-alempi-resol-1536x1086.jpg 1536w\" sizes=\"auto, (max-width: 1754px) 100vw, 1754px\" \/><\/a><\/p>\n<p><strong>RUKAJ\u00c4RVEN TIE ON 230 KM:N pituinen &#8211; Lieksasta Kivivaaraan 44 km<\/strong><\/p>\n<p>Rukaj\u00e4rven suunnan joukot k\u00e4yttiv\u00e4t joukkojensa huoltamiseen p\u00e4\u00e4osin Rukaj\u00e4rven tiet\u00e4, Lieksan asemalta, Nurmij\u00e4rven, Kivivaaran, Repolan ja Tiiksan kautta Rukaj\u00e4rvelle ja siit\u00e4 eteenp\u00e4in Ontaj\u00e4rven etel\u00e4puolisiin kentt\u00e4vartioihin saakka l\u00e4hes 100 km ja pohjoiseen Luvaj\u00e4rven suuntaan l\u00e4hes 100 km. Kivivaaran kautta huollettiin Rukaj\u00e4rven rintaman huolto l\u00e4hes t\u00e4ydellisesti kes\u00e4\u00e4n 1944 saakka. \u201dInarin\u2013Klyyssinvaaran tie\u201d avattiin vasta Jatkosodan lopulla 9.7.1944 l\u00e4htien huoltoliikenteelle. E.J. Raappanan p\u00e4\u00e4maja, Rukapirtti, oli Tiiksassa, josta h\u00e4n johti sotatoimia. Rukapirtti \u2013&nbsp;toiselta nimelt\u00e4\u00e4n Raappanan maja \u2013&nbsp;tuotiin Marskin Majan tavoin Jatkosodan lopulla Lieksaan ja pystytettiin uudelleen Suomuj\u00e4rven rannalle v. 1945, josta se kiistojen j\u00e4lkeen siirrettiin Ilomantsin Parppeinvaaralle v. 1984.<\/p>\n<p><a href=\"http:\/\/www.rukajarvensuunnanhistoriayhdistys.fi\/rukajarvikeskus\/wp-content\/uploads\/2013\/06\/Rukaj\u00e4rven-tie-kartta.png\"><img loading=\"lazy\" decoding=\"async\" class=\"alignnone size-full wp-image-202\" src=\"http:\/\/www.rukajarvensuunnanhistoriayhdistys.fi\/rukajarvikeskus\/wp-content\/uploads\/2013\/06\/Rukaj\u00e4rven-tie-kartta.png\" alt=\"Rukaj\u00e4rven tie\" width=\"1148\" height=\"837\" srcset=\"http:\/\/www.rukajarvensuunnanhistoriayhdistys.fi\/rukajarvikeskus\/wp-content\/uploads\/2013\/06\/Rukaj\u00e4rven-tie-kartta.png 1148w, http:\/\/www.rukajarvensuunnanhistoriayhdistys.fi\/rukajarvikeskus\/wp-content\/uploads\/2013\/06\/Rukaj\u00e4rven-tie-kartta-300x218.png 300w, http:\/\/www.rukajarvensuunnanhistoriayhdistys.fi\/rukajarvikeskus\/wp-content\/uploads\/2013\/06\/Rukaj\u00e4rven-tie-kartta-1024x746.png 1024w\" sizes=\"auto, (max-width: 1148px) 100vw, 1148px\" \/><\/a><\/p>\n<p>Maassamme on kaksi virallisesti nimetty\u00e4 sotatiet\u00e4. <a href=\"http:\/\/fi.wikipedia.org\/wiki\/Raatteen_tien_taistelu\">Raatteen tie<\/a> on Talvisodan 20 kilometrin pituinen taistelutie Suomussalmella. Rukaj\u00e4rven tie on Suomen puoleiselta osaltaan 44 kilometrin pituinen Jatkosodan taistelutie Lieksan alueella. Rukaj\u00e4rven tiehen luetaan kuitenkin my\u00f6s se osa tiest\u00e4, joka ulottuu aina Rukaj\u00e4rvelle saakka, jolloin sen kokonaispituus on Lieksasta Rukaj\u00e4rvelle on n. 230 km. Molemmat tiet ovat Via Karelia-matkailuteist\u00e4 erkanevia auktorisoituja opastein merkittyj\u00e4 sotateit\u00e4.<\/p>\n<h1>Rukaj\u00e4rven tien muistomerkkien linkkitiedot (linkki\u00e4 napsauttamalla l\u00f6yd\u00e4t paikan&nbsp;ja sen tiedot&nbsp;kartalta):<\/h1>\n<p><span style=\"color: #008000; text-decoration: underline;\"><em><strong>Jotos muistomerkki:<\/strong><\/em><\/span><\/p>\n<p><strong><a href=\"http:\/\/www.infokartta.fi\/infogis-lieksa\/index.php?link=axaHN5J7ss\"><strong>http:\/\/www.infokartta.fi\/infogis-lieksa\/index.php?link=axaHN5J7ss<\/strong><\/a><\/strong><\/p>\n<p><span style=\"color: #008000; text-decoration: underline;\"><strong><strong>Talvisodan Nurmij\u00e4rven muistomerkki:<\/strong><\/strong><\/span><\/p>\n<p><strong><a href=\"http:\/\/www.infokartta.fi\/infogis-lieksa\/index.php?link=NYzQQLCM6P\"><strong>http:\/\/www.infokartta.fi\/infogis-lieksa\/index.php?link=NYzQQLCM6P<\/strong><\/a><\/strong><\/p>\n<p><span style=\"color: #008000; text-decoration: underline;\"><strong><strong>Raappana-puisto:<\/strong><\/strong><\/span><\/p>\n<p><strong><a href=\"http:\/\/www.infokartta.fi\/infogis-lieksa\/index.php?link=xGiydEcfM\"><strong>http:\/\/www.infokartta.fi\/infogis-lieksa\/index.php?link=xGiydEcfM<\/strong><\/a><\/strong><\/p>\n<p><span style=\"color: #008000; text-decoration: underline;\"><strong><strong>Talvisodan Puuruun muistomerkki:<\/strong><\/strong><\/span><\/p>\n<p><strong><a href=\"http:\/\/www.infokartta.fi\/infogis-lieksa\/index.php?link=g34d3cD27m\"><strong>http:\/\/www.infokartta.fi\/infogis-lieksa\/index.php?link=g34d3cD27m<\/strong><\/a><\/strong><\/p>\n<p><span style=\"color: #008000; text-decoration: underline;\"><strong><strong>\u00c4n\u00e4k\u00e4isen salpa-asema:<\/strong><\/strong><\/span><\/p>\n<p><strong><a href=\"http:\/\/www.infokartta.fi\/infogis-lieksa\/index.php?link=kV0hRh3w1\"><strong>http:\/\/www.infokartta.fi\/infogis-lieksa\/index.php?link=kV0hRh3w1<\/strong><\/a><\/strong><\/p>\n<p><span style=\"color: #008000; text-decoration: underline;\"><strong><strong>Rukaj\u00e4rvi-keskus:<\/strong><\/strong><\/span><\/p>\n<p><a href=\"http:\/\/infogis.infokartta.fi\/infogis-lieksa\/index.php?link=mLy3YclHWg\">http:\/\/infogis.infokartta.fi\/infogis-lieksa\/index.php?link=mLy3YclHWg<\/a><\/p>\n","protected":false},"excerpt":{"rendered":"<p>Rukaj\u00e4rven tie kuuluu samaan kokonaisuuteen Rukaj\u00e4rvi-keskuksen kanssa. Tie l\u00e4htee it\u00e4\u00e4n Lieksan keskustasta ja menee Pankaj\u00e4rven ja nurmij\u00e4rven kylien kautta Suomen ja Ven\u00e4j\u00e4n rajalle Kivivaaraan. Sielt\u00e4 se jatkuu Ven\u00e4j\u00e4n puolella Repolan <a class=\"more-link\" href=\"http:\/\/www.rukajarvensuunnanhistoriayhdistys.fi\/rukajarvikeskus\/rukajarven-tie\/\">Lue lis\u00e4\u00e4&#8230;<span class=\"screen-reader-text\">Rukaj\u00e4rven tie<\/span><span class=\"meta-nav\">\u2192<\/span><\/a><\/p>\n","protected":false},"author":1,"featured_media":0,"parent":0,"menu_order":6,"comment_status":"closed","ping_status":"closed","template":"","meta":{"ngg_post_thumbnail":0,"footnotes":""},"class_list":["post-121","page","type-page","status-publish","hentry"],"jetpack_sharing_enabled":true,"jetpack_shortlink":"https:\/\/wp.me\/P72N2f-1X","_links":{"self":[{"href":"http:\/\/www.rukajarvensuunnanhistoriayhdistys.fi\/rukajarvikeskus\/wp-json\/wp\/v2\/pages\/121","targetHints":{"allow":["GET"]}}],"collection":[{"href":"http:\/\/www.rukajarvensuunnanhistoriayhdistys.fi\/rukajarvikeskus\/wp-json\/wp\/v2\/pages"}],"about":[{"href":"http:\/\/www.rukajarvensuunnanhistoriayhdistys.fi\/rukajarvikeskus\/wp-json\/wp\/v2\/types\/page"}],"author":[{"embeddable":true,"href":"http:\/\/www.rukajarvensuunnanhistoriayhdistys.fi\/rukajarvikeskus\/wp-json\/wp\/v2\/users\/1"}],"replies":[{"embeddable":true,"href":"http:\/\/www.rukajarvensuunnanhistoriayhdistys.fi\/rukajarvikeskus\/wp-json\/wp\/v2\/comments?post=121"}],"version-history":[{"count":27,"href":"http:\/\/www.rukajarvensuunnanhistoriayhdistys.fi\/rukajarvikeskus\/wp-json\/wp\/v2\/pages\/121\/revisions"}],"predecessor-version":[{"id":11148,"href":"http:\/\/www.rukajarvensuunnanhistoriayhdistys.fi\/rukajarvikeskus\/wp-json\/wp\/v2\/pages\/121\/revisions\/11148"}],"wp:attachment":[{"href":"http:\/\/www.rukajarvensuunnanhistoriayhdistys.fi\/rukajarvikeskus\/wp-json\/wp\/v2\/media?parent=121"}],"curies":[{"name":"wp","href":"https:\/\/api.w.org\/{rel}","templated":true}]}}