{"id":66,"date":"2013-06-09T15:15:27","date_gmt":"2013-06-09T12:15:27","guid":{"rendered":"http:\/\/www.rukajarvensuunnanhistoriayhdistys.fi\/rukajarvikeskus\/?page_id=66"},"modified":"2026-04-06T21:45:12","modified_gmt":"2026-04-06T18:45:12","slug":"tausta","status":"publish","type":"page","link":"http:\/\/www.rukajarvensuunnanhistoriayhdistys.fi\/rukajarvikeskus\/tausta\/","title":{"rendered":"Rukaj\u00e4rvi-keskus"},"content":{"rendered":"<div class=\"fcbkbttn_buttons_block\" id=\"fcbkbttn_left\"><div class=\"fcbkbttn_like \"><fb:like href=\"http:\/\/www.rukajarvensuunnanhistoriayhdistys.fi\/rukajarvikeskus\/tausta\/\" action=\"like\" colorscheme=\"light\" layout=\"button_count\"  size=\"small\"><\/fb:like><\/div><\/div>\n<p><span style=\"color: #373737; font-family: 'Helvetica','sans-serif';\"><span style=\"font-size: medium;\">Rukaj\u00e4rvi-keskus toimii kahdessa toimipisteess\u00e4 \u2013 Lieksassa ja Kiuruvedell\u00e4. Molemmat paikkakunnat ovat t\u00e4rkeit\u00e4 Rukaj\u00e4rven suunnan sotahistorian kannalta. Rukaj\u00e4rven suunnan huolto, miehist\u00f6t\u00e4ydennykset ja lomalaiset kulkivat Lieksan kautta. Lieksan Rukaj\u00e4rvi-keskus toimii Lieksan rautatieasemalla.<\/span><\/span><\/p>\n\n\n\n<p><span style=\"color: #373737; font-family: 'Helvetica','sans-serif';\"><span style=\"font-size: medium;\">Rukaj\u00e4rven suunnan joukot suurimmalta osin oli koottu Kainuun, Pielisen-Karjalan ja Yl\u00e4-Savon alueelta.<\/span><\/span><\/p>\n\n\n\n<p><span style=\"color: #373737; font-family: 'Helvetica','sans-serif';\"><span style=\"font-size: medium;\">Molemmat keskukset ja niiden n\u00e4yttelyt t\u00e4ydent\u00e4v\u00e4t toisiaan.<\/span><\/span><\/p>\n\n\n\n<figure class=\"wp-block-image size-large\"><img loading=\"lazy\" decoding=\"async\" width=\"1024\" height=\"576\" src=\"https:\/\/www.rukajarvensuunnanhistoriayhdistys.fi\/rukajarvikeskus\/wp-content\/uploads\/2026\/04\/Rukajarvi-keskus-opastaulu-2026-25-3-1024x576.jpg\" alt=\"\" class=\"wp-image-12348\" srcset=\"http:\/\/www.rukajarvensuunnanhistoriayhdistys.fi\/rukajarvikeskus\/wp-content\/uploads\/2026\/04\/Rukajarvi-keskus-opastaulu-2026-25-3-1024x576.jpg 1024w, http:\/\/www.rukajarvensuunnanhistoriayhdistys.fi\/rukajarvikeskus\/wp-content\/uploads\/2026\/04\/Rukajarvi-keskus-opastaulu-2026-25-3-300x169.jpg 300w, http:\/\/www.rukajarvensuunnanhistoriayhdistys.fi\/rukajarvikeskus\/wp-content\/uploads\/2026\/04\/Rukajarvi-keskus-opastaulu-2026-25-3-768x432.jpg 768w, http:\/\/www.rukajarvensuunnanhistoriayhdistys.fi\/rukajarvikeskus\/wp-content\/uploads\/2026\/04\/Rukajarvi-keskus-opastaulu-2026-25-3.jpg 1280w\" sizes=\"auto, (max-width: 1024px) 100vw, 1024px\" \/><\/figure>\n\n\n\n<p><\/p>\n\n\n\n<figure class=\"wp-block-image\"><a href=\"http:\/\/www.rukajarvensuunnanhistoriayhdistys.fi\/rukajarvikeskus\/wp-content\/uploads\/2022\/05\/Lieksan-Rukajarvi-keskus.jpg\"><img loading=\"lazy\" decoding=\"async\" width=\"1280\" height=\"720\" src=\"http:\/\/www.rukajarvensuunnanhistoriayhdistys.fi\/rukajarvikeskus\/wp-content\/uploads\/2022\/05\/Lieksan-Rukajarvi-keskus.jpg\" alt=\"\" class=\"wp-image-11143\" srcset=\"http:\/\/www.rukajarvensuunnanhistoriayhdistys.fi\/rukajarvikeskus\/wp-content\/uploads\/2022\/05\/Lieksan-Rukajarvi-keskus.jpg 1280w, http:\/\/www.rukajarvensuunnanhistoriayhdistys.fi\/rukajarvikeskus\/wp-content\/uploads\/2022\/05\/Lieksan-Rukajarvi-keskus-300x169.jpg 300w, http:\/\/www.rukajarvensuunnanhistoriayhdistys.fi\/rukajarvikeskus\/wp-content\/uploads\/2022\/05\/Lieksan-Rukajarvi-keskus-1024x576.jpg 1024w, http:\/\/www.rukajarvensuunnanhistoriayhdistys.fi\/rukajarvikeskus\/wp-content\/uploads\/2022\/05\/Lieksan-Rukajarvi-keskus-768x432.jpg 768w\" sizes=\"auto, (max-width: 1280px) 100vw, 1280px\" \/><\/a><\/figure>\n\n\n\n<figure class=\"wp-block-image size-full\"><a href=\"http:\/\/www.rukajarvensuunnanhistoriayhdistys.fi\/rukajarvikeskus\/wp-content\/uploads\/2026\/04\/Raatteentie-Rukajarvi-keskus-2025-07-22-.jpg\"><img loading=\"lazy\" decoding=\"async\" width=\"569\" height=\"793\" src=\"http:\/\/www.rukajarvensuunnanhistoriayhdistys.fi\/rukajarvikeskus\/wp-content\/uploads\/2026\/04\/Raatteentie-Rukajarvi-keskus-2025-07-22-.jpg\" alt=\"Ratteentien n\u00e4yttelyn esite\" class=\"wp-image-12344\" srcset=\"http:\/\/www.rukajarvensuunnanhistoriayhdistys.fi\/rukajarvikeskus\/wp-content\/uploads\/2026\/04\/Raatteentie-Rukajarvi-keskus-2025-07-22-.jpg 569w, http:\/\/www.rukajarvensuunnanhistoriayhdistys.fi\/rukajarvikeskus\/wp-content\/uploads\/2026\/04\/Raatteentie-Rukajarvi-keskus-2025-07-22--215x300.jpg 215w, http:\/\/www.rukajarvensuunnanhistoriayhdistys.fi\/rukajarvikeskus\/wp-content\/uploads\/2026\/04\/Raatteentie-Rukajarvi-keskus-2025-07-22--300x418.jpg 300w\" sizes=\"auto, (max-width: 569px) 100vw, 569px\" \/><\/a><\/figure>\n\n\n\n<p><strong>Kolmas Rukaj\u00e4rvi-keskus Raatteentie 183, Suomussalmi: Ks. Etusivulta aukioloajat ja yhteystiedot.<\/strong><\/p>\n\n\n\n<p>\u00a0<strong>Taustat<\/strong><\/p>\n\n\n\n<p>Vuosina 1941\u20131944 Rukaj\u00e4rven suunnalla taisteli Jatkosodassa t\u00e4ydennysjoukot mukaan lukien kaikkiaan 35.000 miest\u00e4. Hy\u00f6kk\u00e4ysvaiheessa sotilaita oli 25.000 ja asemasotavaiheessa n. 15.000 miest\u00e4. Rukaj\u00e4rven rintamalla toimi lis\u00e4ksi n. 1.000 lottaa.<\/p>\n\n\n\n<p>Rukaj\u00e4rven veteraanit kokoontuivat Jatkosodan j\u00e4lkeen yhteisiin tilaisuuksiinsa ensin Lieksaan, sitten Kajaaniin, Iisalmeen, Nurmekseen, Sotkamoon ja Kuhmoon. Vuonna 1986 pidetyss\u00e4 Nurmeksen kokouksessa k\u00e4ynnistyi veteraanien haastattelut, josta kertyi 640 veteraanin yli 10.000 sivun aineisto.<\/p>\n\n\n\n<p>Rukaj\u00e4rven suunnan veteraaniperinnety\u00f6 el\u00e4\u00e4 yh\u00e4 voimakkaana. Nurmeksen 1986 veteraanikokouksen valitseman historiikkitoimikunnan ty\u00f6t\u00e4 jatkamaan perustettiin v. 2009 Rukaj\u00e4rven suunnan historiayhdistys ry.&nbsp;Nyt t\u00e4m\u00e4 ker\u00e4tty perinneaineisto asetetaan kokonaisuudessaan yleis\u00f6n ja tutkijoitten k\u00e4ytett\u00e4v\u00e4ksi Rukaj\u00e4rvi-keskuksissa.<\/p>\n\n\n\n<p><strong style=\"font-size: revert; color: initial;\">Keskuksen kokoelmat<\/strong>Keskukseen kootaan veteraanien rintamalla valmistamia puhdety\u00f6esineit\u00e4 ja taideteoksia. Siell\u00e4 on esill\u00e4 video- ja \u00e4\u00e4ninauhoja.&nbsp;Videodokumentteja on koossa l\u00e4hes 200 ja \u00e4\u00e4ninauhoitteita 800. Keskuksessa on yksityiskohtaiset tiedot Rukaj\u00e4rvell\u00e4 kaatuneista n. 2750 sotilaasta samoin kuin rintamalla vangeiksi j\u00e4\u00e4neist\u00e4 sotilaista. Rukaj\u00e4rvi-keskuksessa on tiedot suunnan kentt\u00e4vartiolinjan tukikohdista koordinaatein. Veteraanien luovuttamia valokuvia siell\u00e4 on liki 20.000 kappaletta. Rukaj\u00e4rvi-keskuksessa tulee olemaan esill\u00e4 laaja, reilut 300 teosta k\u00e4sitt\u00e4v\u00e4 kirjasto.<\/p>\n\n\n\n<figure class=\"wp-block-image alignnone\"><a href=\"http:\/\/www.rukajarvensuunnanhistoriayhdistys.fi\/rukajarvikeskus\/wp-content\/uploads\/2013\/06\/Rukajarvikeskus_-2013-07-01-11-51-32.jpg\"><img loading=\"lazy\" decoding=\"async\" width=\"2337\" height=\"1031\" src=\"http:\/\/www.rukajarvensuunnanhistoriayhdistys.fi\/rukajarvikeskus\/wp-content\/uploads\/2013\/06\/Rukajarvikeskus_-2013-07-01-11-51-32.jpg\" alt=\"Keskuksen kokoelmiin kuuluu my\u00f6s taidokkaasti rintamalla tehtyj\u00e4 puhdet\u00f6it\u00e4.\" class=\"wp-image-510\" srcset=\"http:\/\/www.rukajarvensuunnanhistoriayhdistys.fi\/rukajarvikeskus\/wp-content\/uploads\/2013\/06\/Rukajarvikeskus_-2013-07-01-11-51-32.jpg 2337w, http:\/\/www.rukajarvensuunnanhistoriayhdistys.fi\/rukajarvikeskus\/wp-content\/uploads\/2013\/06\/Rukajarvikeskus_-2013-07-01-11-51-32-300x132.jpg 300w, http:\/\/www.rukajarvensuunnanhistoriayhdistys.fi\/rukajarvikeskus\/wp-content\/uploads\/2013\/06\/Rukajarvikeskus_-2013-07-01-11-51-32-1024x451.jpg 1024w\" sizes=\"auto, (max-width: 2337px) 100vw, 2337px\" \/><\/a><figcaption class=\"wp-element-caption\">Keskuksen kokoelmiin kuuluu my\u00f6s taidokkaasti rintamalla tehtyj\u00e4 puhdet\u00f6it\u00e4.<\/figcaption><\/figure>\n\n\n\n<p>&nbsp;<\/p>\n\n\n\n<figure class=\"wp-block-image alignnone\"><a href=\"http:\/\/www.rukajarvensuunnanhistoriayhdistys.fi\/rukajarvikeskus\/wp-content\/uploads\/2013\/06\/Rukajarvikeskus_-2013-07-07-17-45-51.jpg\"><img loading=\"lazy\" decoding=\"async\" width=\"2464\" height=\"1632\" src=\"http:\/\/www.rukajarvensuunnanhistoriayhdistys.fi\/rukajarvikeskus\/wp-content\/uploads\/2013\/06\/Rukajarvikeskus_-2013-07-07-17-45-51.jpg\" alt=\"Keskuksessa voi tutustua my\u00f6s alkuper\u00e4isiin dokumentteihin. Kuvassa on Rukaj\u00e4rven teatterin p\u00e4iv\u00e4kirja.\" class=\"wp-image-511\" srcset=\"http:\/\/www.rukajarvensuunnanhistoriayhdistys.fi\/rukajarvikeskus\/wp-content\/uploads\/2013\/06\/Rukajarvikeskus_-2013-07-07-17-45-51.jpg 2464w, http:\/\/www.rukajarvensuunnanhistoriayhdistys.fi\/rukajarvikeskus\/wp-content\/uploads\/2013\/06\/Rukajarvikeskus_-2013-07-07-17-45-51-300x198.jpg 300w, http:\/\/www.rukajarvensuunnanhistoriayhdistys.fi\/rukajarvikeskus\/wp-content\/uploads\/2013\/06\/Rukajarvikeskus_-2013-07-07-17-45-51-1024x678.jpg 1024w\" sizes=\"auto, (max-width: 2464px) 100vw, 2464px\" \/><\/a><figcaption class=\"wp-element-caption\">Keskuksessa voi tutustua my\u00f6s alkuper\u00e4isiin dokumentteihin. Kuvassa on Rukaj\u00e4rven teatterin p\u00e4iv\u00e4kirja.<\/figcaption><\/figure>\n\n\n\n<p><strong>Muut kohteet<\/strong><\/p>\n\n\n\n<p>Rukaj\u00e4rvi-keskukseen liittyy my\u00f6s Rukaj\u00e4rven tie, joka l\u00e4htee Lieksan rautatieasemalta ja kulkee Pankaj\u00e4rven ja Nurmij\u00e4rven kylien kautta Kivivaaraan.<\/p>\n\n\n\n<p>Lis\u00e4ksi Rukaj\u00e4rvi-keskukseen kuuluvia kohteita ovat opastaulut, joita on pystytetty paikkoihin, joissa suomalaiset joukot ylittiv\u00e4t Neuvostoliiton rajan Jatkosodan alussa edetess\u00e4\u00e4n kohti Rukaj\u00e4rve\u00e4. Opastauluja on Lieksan ja Kuhmon kuntien alueella.<\/p>\n\n\n\n<p>Rukaj\u00e4rven suunnan historiayhdistys rakensi vuoden 2014 lopulla Jukolan motti -pirtin. Rakennuksessa on pienimuotoinen valokuvan\u00e4yttely ja opasteet. Jukolan motissa toimi Jatkosodan aikana huolto- t\u00e4ydennys- ja koulutuskeskus. Jokaisella on mahdollisuus pys\u00e4hty\u00e4, rakennuksessa voi valmistaa ruokaa ja pit\u00e4\u00e4 pienimuotoisia luentoja. Jukolan motti -pirtin 30.11.2014 pidettyihin avajaisiin osallistui 90 henkil\u00f6\u00e4. Istumapaikkoja rakennuksesta l\u00f6ytyy vastaava m\u00e4\u00e4r\u00e4.<\/p>\n\n\n\n<figure class=\"wp-block-image alignnone\"><a href=\"http:\/\/www.rukajarvensuunnanhistoriayhdistys.fi\/rukajarvikeskus\/wp-content\/uploads\/2015\/06\/DSC00959-Jukolan-motti.jpg\"><img loading=\"lazy\" decoding=\"async\" width=\"4412\" height=\"2868\" src=\"http:\/\/www.rukajarvensuunnanhistoriayhdistys.fi\/rukajarvikeskus\/wp-content\/uploads\/2015\/06\/DSC00959-Jukolan-motti.jpg\" alt=\"\u2014 Jukolan motti \u2013 pirtti valmis\" class=\"wp-image-1905\" srcset=\"http:\/\/www.rukajarvensuunnanhistoriayhdistys.fi\/rukajarvikeskus\/wp-content\/uploads\/2015\/06\/DSC00959-Jukolan-motti.jpg 4412w, http:\/\/www.rukajarvensuunnanhistoriayhdistys.fi\/rukajarvikeskus\/wp-content\/uploads\/2015\/06\/DSC00959-Jukolan-motti-300x195.jpg 300w, http:\/\/www.rukajarvensuunnanhistoriayhdistys.fi\/rukajarvikeskus\/wp-content\/uploads\/2015\/06\/DSC00959-Jukolan-motti-1024x666.jpg 1024w\" sizes=\"auto, (max-width: 4412px) 100vw, 4412px\" \/><\/a><figcaption class=\"wp-element-caption\">\u2014 Jukolan motti \u2013 pirttiin mahtuu 90 henkil\u00f6\u00e4. Pirtti on kaikille avoin, jossa voi esitell\u00e4 Rukaj\u00e4rven tien ja alueen historiaa ja tarvittaessa pirtin grilliss\u00e4\u00a0paistaa makkarat\u00a0ja halutessaan keitell\u00e4 porokahvit. Pirtiss\u00e4 on opasteet ja pienimuotoinen valokuvan\u00e4yttely. Rukaj\u00e4rven tien kohteitten opastuksesta\u00a0huolehtii Lieksan matkailuoppaat ja Jongunjoen kyl\u00e4seura ry.<\/figcaption><\/figure>\n\n\n\n<p><strong>\u00c4N\u00c4K\u00c4INEN &#8211; SALPAETUASEMA<\/strong><\/p>\n\n\n\n<figure class=\"wp-block-image\"><a href=\"http:\/\/www.rukajarvensuunnanhistoriayhdistys.fi\/rukajarvikeskus\/wp-content\/uploads\/2022\/05\/D-Rukajarven-tie-Anakainen-2017-Talkoomiehet-scaled.jpg\"><img loading=\"lazy\" decoding=\"async\" width=\"2560\" height=\"1440\" src=\"http:\/\/www.rukajarvensuunnanhistoriayhdistys.fi\/rukajarvikeskus\/wp-content\/uploads\/2022\/05\/D-Rukajarven-tie-Anakainen-2017-Talkoomiehet-scaled.jpg\" alt=\"\" class=\"wp-image-11144\" srcset=\"http:\/\/www.rukajarvensuunnanhistoriayhdistys.fi\/rukajarvikeskus\/wp-content\/uploads\/2022\/05\/D-Rukajarven-tie-Anakainen-2017-Talkoomiehet-scaled.jpg 2560w, http:\/\/www.rukajarvensuunnanhistoriayhdistys.fi\/rukajarvikeskus\/wp-content\/uploads\/2022\/05\/D-Rukajarven-tie-Anakainen-2017-Talkoomiehet-300x169.jpg 300w, http:\/\/www.rukajarvensuunnanhistoriayhdistys.fi\/rukajarvikeskus\/wp-content\/uploads\/2022\/05\/D-Rukajarven-tie-Anakainen-2017-Talkoomiehet-1024x576.jpg 1024w, http:\/\/www.rukajarvensuunnanhistoriayhdistys.fi\/rukajarvikeskus\/wp-content\/uploads\/2022\/05\/D-Rukajarven-tie-Anakainen-2017-Talkoomiehet-768x432.jpg 768w, http:\/\/www.rukajarvensuunnanhistoriayhdistys.fi\/rukajarvikeskus\/wp-content\/uploads\/2022\/05\/D-Rukajarven-tie-Anakainen-2017-Talkoomiehet-1536x864.jpg 1536w, http:\/\/www.rukajarvensuunnanhistoriayhdistys.fi\/rukajarvikeskus\/wp-content\/uploads\/2022\/05\/D-Rukajarven-tie-Anakainen-2017-Talkoomiehet-2048x1152.jpg 2048w\" sizes=\"auto, (max-width: 2560px) 100vw, 2560px\" \/><\/a><\/figure>\n\n\n\n<p><\/p>\n\n\n\n<p><strong>N\u00e4yttelyist\u00e4<\/strong><\/p>\n\n\n\n<p>Lieksan Rukaj\u00e4rvi-keskuksen toiminta siirtyi yhdistyksen omiin tiloihin Lieksan&nbsp; Rautatieasemalle.&nbsp;N\u00e4yttelyist\u00e4 oheinen esite. Vanha n\u00e4yttely on avoinna kuluvan kes\u00e4n ajan. Perinneaineistoa otetaan vastaan vain Iisalmen ja Lieksan rautatieaseman Rukaj\u00e4rvi-keskusten&nbsp;tiloissa.<\/p>\n\n\n\n<figure class=\"wp-block-image\"><a href=\"http:\/\/www.rukajarvensuunnanhistoriayhdistys.fi\/rukajarvikeskus\/wp-content\/uploads\/2022\/05\/Lieksan-Rukajarvi-keskus.jpg\"><img loading=\"lazy\" decoding=\"async\" width=\"1280\" height=\"720\" src=\"http:\/\/www.rukajarvensuunnanhistoriayhdistys.fi\/rukajarvikeskus\/wp-content\/uploads\/2022\/05\/Lieksan-Rukajarvi-keskus.jpg\" alt=\"\" class=\"wp-image-11143\" srcset=\"http:\/\/www.rukajarvensuunnanhistoriayhdistys.fi\/rukajarvikeskus\/wp-content\/uploads\/2022\/05\/Lieksan-Rukajarvi-keskus.jpg 1280w, http:\/\/www.rukajarvensuunnanhistoriayhdistys.fi\/rukajarvikeskus\/wp-content\/uploads\/2022\/05\/Lieksan-Rukajarvi-keskus-300x169.jpg 300w, http:\/\/www.rukajarvensuunnanhistoriayhdistys.fi\/rukajarvikeskus\/wp-content\/uploads\/2022\/05\/Lieksan-Rukajarvi-keskus-1024x576.jpg 1024w, http:\/\/www.rukajarvensuunnanhistoriayhdistys.fi\/rukajarvikeskus\/wp-content\/uploads\/2022\/05\/Lieksan-Rukajarvi-keskus-768x432.jpg 768w\" sizes=\"auto, (max-width: 1280px) 100vw, 1280px\" \/><\/a><\/figure>\n\n\n\n<p><\/p>\n\n\n\n<p><strong>Rukaj\u00e4rven tien valokuvan\u00e4yttely<\/strong> <\/p>\n\n\n\n<p>Nurmij\u00e4vell\u00e4 Seuralan tiloissa on avoinna normaalisti. N\u00e4yttelyyn voi tutustua ja lis\u00e4tietoa saa Annukan kahvilasta, os. Nurmij\u00e4rventie 154, 81970 Jongunjoki, puh. +358 40 964 1083. Opastuksesta huolehtii tarvittaessa Jongunjoen kyl\u00e4seura ry. puh. +358 400 468 394 Heikki&nbsp; Turunen<\/p>\n\n\n\n<figure class=\"wp-block-image size-large\"><a href=\"http:\/\/www.rukajarvensuunnanhistoriayhdistys.fi\/rukajarvikeskus\/wp-content\/uploads\/2022\/05\/E-Seurala-Nurmijarvi-nayttely-DSC00057-scaled.jpg\"><img loading=\"lazy\" decoding=\"async\" width=\"1024\" height=\"681\" src=\"http:\/\/www.rukajarvensuunnanhistoriayhdistys.fi\/rukajarvikeskus\/wp-content\/uploads\/2022\/05\/E-Seurala-Nurmijarvi-nayttely-DSC00057-1024x681.jpg\" alt=\"\" class=\"wp-image-11145\" srcset=\"http:\/\/www.rukajarvensuunnanhistoriayhdistys.fi\/rukajarvikeskus\/wp-content\/uploads\/2022\/05\/E-Seurala-Nurmijarvi-nayttely-DSC00057-1024x681.jpg 1024w, http:\/\/www.rukajarvensuunnanhistoriayhdistys.fi\/rukajarvikeskus\/wp-content\/uploads\/2022\/05\/E-Seurala-Nurmijarvi-nayttely-DSC00057-300x200.jpg 300w, http:\/\/www.rukajarvensuunnanhistoriayhdistys.fi\/rukajarvikeskus\/wp-content\/uploads\/2022\/05\/E-Seurala-Nurmijarvi-nayttely-DSC00057-768x511.jpg 768w, http:\/\/www.rukajarvensuunnanhistoriayhdistys.fi\/rukajarvikeskus\/wp-content\/uploads\/2022\/05\/E-Seurala-Nurmijarvi-nayttely-DSC00057-1536x1022.jpg 1536w, http:\/\/www.rukajarvensuunnanhistoriayhdistys.fi\/rukajarvikeskus\/wp-content\/uploads\/2022\/05\/E-Seurala-Nurmijarvi-nayttely-DSC00057-2048x1363.jpg 2048w\" sizes=\"auto, (max-width: 1024px) 100vw, 1024px\" \/><\/a><figcaption class=\"wp-element-caption\">Rukaj\u00e4rven tie-valokuvan\u00e4yttely Seuralassa. Avaimert Kahvila Annukalta.<\/figcaption><\/figure>\n","protected":false},"excerpt":{"rendered":"<p>Rukaj\u00e4rvi-keskus toimii kahdessa toimipisteess\u00e4 \u2013 Lieksassa ja Kiuruvedell\u00e4. Molemmat paikkakunnat ovat t\u00e4rkeit\u00e4 Rukaj\u00e4rven suunnan sotahistorian kannalta. Rukaj\u00e4rven suunnan huolto, miehist\u00f6t\u00e4ydennykset ja lomalaiset kulkivat Lieksan kautta. Lieksan Rukaj\u00e4rvi-keskus toimii Lieksan rautatieasemalla. <a class=\"more-link\" href=\"http:\/\/www.rukajarvensuunnanhistoriayhdistys.fi\/rukajarvikeskus\/tausta\/\">Lue lis\u00e4\u00e4&#8230;<span class=\"screen-reader-text\">Rukaj\u00e4rvi-keskus<\/span><span class=\"meta-nav\">\u2192<\/span><\/a><\/p>\n","protected":false},"author":2,"featured_media":0,"parent":0,"menu_order":1,"comment_status":"closed","ping_status":"open","template":"","meta":{"ngg_post_thumbnail":0,"footnotes":""},"class_list":["post-66","page","type-page","status-publish","hentry"],"jetpack_sharing_enabled":true,"jetpack_shortlink":"https:\/\/wp.me\/P72N2f-14","_links":{"self":[{"href":"http:\/\/www.rukajarvensuunnanhistoriayhdistys.fi\/rukajarvikeskus\/wp-json\/wp\/v2\/pages\/66","targetHints":{"allow":["GET"]}}],"collection":[{"href":"http:\/\/www.rukajarvensuunnanhistoriayhdistys.fi\/rukajarvikeskus\/wp-json\/wp\/v2\/pages"}],"about":[{"href":"http:\/\/www.rukajarvensuunnanhistoriayhdistys.fi\/rukajarvikeskus\/wp-json\/wp\/v2\/types\/page"}],"author":[{"embeddable":true,"href":"http:\/\/www.rukajarvensuunnanhistoriayhdistys.fi\/rukajarvikeskus\/wp-json\/wp\/v2\/users\/2"}],"replies":[{"embeddable":true,"href":"http:\/\/www.rukajarvensuunnanhistoriayhdistys.fi\/rukajarvikeskus\/wp-json\/wp\/v2\/comments?post=66"}],"version-history":[{"count":44,"href":"http:\/\/www.rukajarvensuunnanhistoriayhdistys.fi\/rukajarvikeskus\/wp-json\/wp\/v2\/pages\/66\/revisions"}],"predecessor-version":[{"id":12349,"href":"http:\/\/www.rukajarvensuunnanhistoriayhdistys.fi\/rukajarvikeskus\/wp-json\/wp\/v2\/pages\/66\/revisions\/12349"}],"wp:attachment":[{"href":"http:\/\/www.rukajarvensuunnanhistoriayhdistys.fi\/rukajarvikeskus\/wp-json\/wp\/v2\/media?parent=66"}],"curies":[{"name":"wp","href":"https:\/\/api.w.org\/{rel}","templated":true}]}}