{"id":12192,"date":"2025-11-30T20:21:37","date_gmt":"2025-11-30T17:21:37","guid":{"rendered":"https:\/\/www.rukajarvensuunnanhistoriayhdistys.fi\/rukajarvikeskus\/?post_type=product&#038;p=12192"},"modified":"2025-12-01T20:07:04","modified_gmt":"2025-12-01T17:07:04","slug":"mannerheimin-sotataito","status":"publish","type":"product","link":"http:\/\/www.rukajarvensuunnanhistoriayhdistys.fi\/rukajarvikeskus\/tuote\/mannerheimin-sotataito\/","title":{"rendered":"Mannerheimin sotataito"},"content":{"rendered":"<div class=\"fcbkbttn_buttons_block\" id=\"fcbkbttn_left\"><div class=\"fcbkbttn_like \"><fb:like href=\"http:\/\/www.rukajarvensuunnanhistoriayhdistys.fi\/rukajarvikeskus\/tuote\/mannerheimin-sotataito\/\" action=\"like\" colorscheme=\"light\" layout=\"button_count\"  size=\"small\"><\/fb:like><\/div><\/div><p style=\"font-weight: 400;\">MANNERHEIMIN SOTATAIDON TIETOJ\u00c4RK\u00c4LE<\/p>\n<p style=\"font-weight: 400;\">Noustessaan tasavallan presidentiksi jatkosodan aikana elokuussa 1944 Carl Gustaf Emil Mannerheim (1867-1951) oli 77-vuotias. H\u00e4n oli osallistunut jo viiteen sotaan. Mutta mit\u00e4 tied\u00e4mme h\u00e4nen sotataidoistaan?<\/p>\n<p style=\"font-weight: 400;\">T\u00e4m\u00e4 teos pureutuu historiantutkimuksen keinoin Mannerheimin henke\u00e4salpaavaan sotapalvelukseen 1880-luvulta 1940-luvulle ja paneutuu Mannerheimin sotataidon vahvuuksiin sek\u00e4 puutteisiin. Tutkimus perustuu suomalaisen l\u00e4hdeaineiston lis\u00e4ksi aiemmin v\u00e4h\u00e4n tunnettujen ven\u00e4j\u00e4nkielisiin alkuper\u00e4isl\u00e4hteisiin ja tutkimuskirjallisuuteen.<\/p>\n<p style=\"font-weight: 400;\">Mikko Karjalainen on filosofian tohtori ja toimii sotahistorian apulaisprofessorina Maanpuolustuskoulussa. H\u00e4n on my\u00f6s Suomen Sotahistorian Seuran puheenjohtaja. Karjalainen on perehtynyt laajasti erityisesti talvi- ja jatkosodan historiaan sek\u00e4 julkaissut useita tieteellisi\u00e4 Suomen sotahistoriaa ja sotataidon historiaa k\u00e4sittelevi\u00e4 teoksia ja artikkeleita.<\/p>\n<p style=\"font-weight: 400;\">Kapteeni Toni Montonen on sotatieteiden maisteri. H\u00e4nen sotienajan 1939\u20131944 p\u00e4\u00e4majan viholliskuvaa k\u00e4sittelev\u00e4 v\u00e4it\u00f6stutkimuksensa on tarkastettavana Maanpuolustuskorkeakoulussa.<\/p>\n","protected":false},"excerpt":{"rendered":"<p>T\u00e4m\u00e4 teos pureutuu historiantutkimuksen keinoin Mannerheimin henke\u00e4salpaavaan sotapalvelukseen 1880-luvulta 1940-luvulle ja paneutuu Mannerheimin sotataidon vahvuuksiin sek\u00e4 puutteisiin. Tutkimus perustuu suomalaisen l\u00e4hdeaineiston lis\u00e4ksi aiemmin v\u00e4h\u00e4n tunnettujen ven\u00e4j\u00e4nkielisiin alkuper\u00e4isl\u00e4hteisiin ja tutkimuskirjallisuuteen. <a class=\"more-link\" href=\"http:\/\/www.rukajarvensuunnanhistoriayhdistys.fi\/rukajarvikeskus\/tuote\/mannerheimin-sotataito\/\">Lue lis\u00e4\u00e4&#8230;<span class=\"screen-reader-text\">Mannerheimin sotataito<\/span><span class=\"meta-nav\">\u2192<\/span><\/a><\/p>\n","protected":false},"featured_media":12193,"comment_status":"closed","ping_status":"closed","template":"","meta":{"ngg_post_thumbnail":0},"product_brand":[],"product_cat":[48],"product_tag":[],"class_list":{"0":"post-12192","1":"product","2":"type-product","3":"status-publish","4":"has-post-thumbnail","6":"product_cat-uncategorized","7":"product_shipping_class-posti","9":"first","10":"instock","11":"shipping-taxable","12":"purchasable","13":"product-type-simple"},"jetpack_sharing_enabled":true,"_links":{"self":[{"href":"http:\/\/www.rukajarvensuunnanhistoriayhdistys.fi\/rukajarvikeskus\/wp-json\/wp\/v2\/product\/12192","targetHints":{"allow":["GET"]}}],"collection":[{"href":"http:\/\/www.rukajarvensuunnanhistoriayhdistys.fi\/rukajarvikeskus\/wp-json\/wp\/v2\/product"}],"about":[{"href":"http:\/\/www.rukajarvensuunnanhistoriayhdistys.fi\/rukajarvikeskus\/wp-json\/wp\/v2\/types\/product"}],"replies":[{"embeddable":true,"href":"http:\/\/www.rukajarvensuunnanhistoriayhdistys.fi\/rukajarvikeskus\/wp-json\/wp\/v2\/comments?post=12192"}],"wp:featuredmedia":[{"embeddable":true,"href":"http:\/\/www.rukajarvensuunnanhistoriayhdistys.fi\/rukajarvikeskus\/wp-json\/wp\/v2\/media\/12193"}],"wp:attachment":[{"href":"http:\/\/www.rukajarvensuunnanhistoriayhdistys.fi\/rukajarvikeskus\/wp-json\/wp\/v2\/media?parent=12192"}],"wp:term":[{"taxonomy":"product_brand","embeddable":true,"href":"http:\/\/www.rukajarvensuunnanhistoriayhdistys.fi\/rukajarvikeskus\/wp-json\/wp\/v2\/product_brand?post=12192"},{"taxonomy":"product_cat","embeddable":true,"href":"http:\/\/www.rukajarvensuunnanhistoriayhdistys.fi\/rukajarvikeskus\/wp-json\/wp\/v2\/product_cat?post=12192"},{"taxonomy":"product_tag","embeddable":true,"href":"http:\/\/www.rukajarvensuunnanhistoriayhdistys.fi\/rukajarvikeskus\/wp-json\/wp\/v2\/product_tag?post=12192"}],"curies":[{"name":"wp","href":"https:\/\/api.w.org\/{rel}","templated":true}]}}