{"id":129,"date":"2013-10-29T22:25:05","date_gmt":"2013-10-29T20:25:05","guid":{"rendered":"http:\/\/www.rukajarvensuunnanhistoriayhdistys.fi\/historiayhdistys\/?page_id=129"},"modified":"2018-08-13T19:31:37","modified_gmt":"2018-08-13T16:31:37","slug":"liity-jaseneksi","status":"publish","type":"page","link":"https:\/\/www.rukajarvensuunnanhistoriayhdistys.fi\/historiayhdistys\/liity-jaseneksi\/","title":{"rendered":"J\u00e4senyys"},"content":{"rendered":"<div class=\"fcbkbttn_buttons_block\" id=\"fcbkbttn_left\"><div class=\"fcbkbttn_like \"><fb:like href=\"https:\/\/www.rukajarvensuunnanhistoriayhdistys.fi\/historiayhdistys\/liity-jaseneksi\/\" action=\"like\" colorscheme=\"light\" layout=\"button_count\"  size=\"small\"><\/fb:like><\/div><\/div><p>Liittym\u00e4ll\u00e4 Rukaj\u00e4rven suunnan historiayhdistyksen j\u00e4seneksi p\u00e4\u00e4set mukaan mielenkiintoiseen toimintaan ja jakamaan tietojasi ja kokemuksia muiden samanhenkisten kanssa. Yhdistyksen j\u00e4senist\u00f6ss\u00e4 on todella syv\u00e4llisi\u00e4 Rukaj\u00e4rven suunnan tapahtumien asiantuntijoita. J\u00e4senen\u00e4 saat my\u00f6s k\u00e4ytt\u00f6\u00f6si yhdistyksen ker\u00e4\u00e4m\u00e4\u00e4 tietoa Rukaj\u00e4rven suunnan tapahtumista.<\/p>\n<p>Yhdistyksen vuosikokous pidet\u00e4\u00e4n yleens\u00e4\u00a0maaliskuussa ja se on hyv\u00e4 paikka tutustua muihin j\u00e4seniin. Lis\u00e4ksi j\u00e4rjestet\u00e4\u00e4n vuosittain erilaisia tapahtumia kuten seminaareja, n\u00e4yttelyit\u00e4 jne.<\/p>\n<h3>J\u00e4senmaksu<\/h3>\n<p>J\u00e4senmaksu toimintakaudella\u00a0on 30 \u20ac. Toiminta- ja j\u00e4senmaksukausi on kalenterivuosi. J\u00e4senmaksu pyydet\u00e4\u00e4n maksamaan\u00a0huhtikuun loppuun menness\u00e4. J\u00e4seneksi liittyneen henkil\u00f6n tulisi maksaa j\u00e4senmaksunsa yhden kuukauden kuluessa j\u00e4senyyden voimaan tulosta. J\u00e4senhakemuksen hyv\u00e4ksymisest\u00e4 ilmoitetaan kirjallisesti. J\u00e4senmaksu maksetaan tilille\u00a0FI28 5780 0720 3700 27.<\/p>\n<h3>J\u00e4seneksi hakeminen<\/h3>\n<p>Voit hakea yhdistyksen j\u00e4senyytt\u00e4 alla olevalla s\u00e4hk\u00f6isell\u00e4 lomakkeella. Ennen hakemuksen l\u00e4hett\u00e4mist\u00e4 kannattaa tutustua yhdistyksen <a title=\"S\u00e4\u00e4nn\u00f6t\" href=\"http:\/\/www.rukajarvensuunnanhistoriayhdistys.fi\/historiayhdistys\/tausta\/saannot\/\" target=\"_blank\" rel=\"noopener noreferrer\">s\u00e4\u00e4nt\u00f6ihin<\/a>.<\/p>\n\n<div class=\"wpcf7 no-js\" id=\"wpcf7-f128-o1\" lang=\"fi\" dir=\"ltr\" data-wpcf7-id=\"128\">\n<div class=\"screen-reader-response\"><p role=\"status\" aria-live=\"polite\" aria-atomic=\"true\"><\/p> <ul><\/ul><\/div>\n<form action=\"\/historiayhdistys\/wp-json\/wp\/v2\/pages\/129#wpcf7-f128-o1\" method=\"post\" class=\"wpcf7-form init\" aria-label=\"Yhteydenottolomake\" novalidate=\"novalidate\" data-status=\"init\">\n<fieldset class=\"hidden-fields-container\"><input type=\"hidden\" name=\"_wpcf7\" value=\"128\" \/><input type=\"hidden\" name=\"_wpcf7_version\" value=\"6.1.5\" \/><input type=\"hidden\" name=\"_wpcf7_locale\" value=\"fi\" \/><input type=\"hidden\" name=\"_wpcf7_unit_tag\" value=\"wpcf7-f128-o1\" \/><input type=\"hidden\" name=\"_wpcf7_container_post\" value=\"0\" \/><input type=\"hidden\" name=\"_wpcf7_posted_data_hash\" value=\"\" \/>\n<\/fieldset>\n<p>Etu- ja sukunimi*\n<\/p>\n<p><span class=\"wpcf7-form-control-wrap\" data-name=\"Etunimi\"><input size=\"40\" maxlength=\"400\" class=\"wpcf7-form-control wpcf7-text wpcf7-validates-as-required\" aria-required=\"true\" aria-invalid=\"false\" value=\"\" type=\"text\" name=\"Etunimi\" \/><\/span><span class=\"wpcf7-form-control-wrap\" data-name=\"Sukunimi\"><input size=\"40\" maxlength=\"400\" class=\"wpcf7-form-control wpcf7-text wpcf7-validates-as-required\" aria-required=\"true\" aria-invalid=\"false\" value=\"\" type=\"text\" name=\"Sukunimi\" \/><\/span>\n<\/p>\n<p>Arvo tai ammatti\n<\/p>\n<p><span class=\"wpcf7-form-control-wrap\" data-name=\"Titteli\"><input size=\"40\" maxlength=\"400\" class=\"wpcf7-form-control wpcf7-text\" aria-invalid=\"false\" value=\"\" type=\"text\" name=\"Titteli\" \/><\/span>\n<\/p>\n<p>Syntym\u00e4aika*\n<\/p>\n<p><span class=\"wpcf7-form-control-wrap\" data-name=\"syntyaika\"><input size=\"40\" maxlength=\"400\" class=\"wpcf7-form-control wpcf7-text wpcf7-validates-as-required\" aria-required=\"true\" aria-invalid=\"false\" value=\"\" type=\"text\" name=\"syntyaika\" \/><\/span><br \/>\nKotikunta*\n<\/p>\n<p><span class=\"wpcf7-form-control-wrap\" data-name=\"kotikunta\"><input size=\"40\" maxlength=\"400\" class=\"wpcf7-form-control wpcf7-text wpcf7-validates-as-required\" aria-required=\"true\" aria-invalid=\"false\" value=\"\" type=\"text\" name=\"kotikunta\" \/><\/span>\n<\/p>\n<p>L\u00e4hiosoite*\n<\/p>\n<p><span class=\"wpcf7-form-control-wrap\" data-name=\"Osoite\"><input size=\"40\" maxlength=\"400\" class=\"wpcf7-form-control wpcf7-text wpcf7-validates-as-required\" aria-required=\"true\" aria-invalid=\"false\" value=\"\" type=\"text\" name=\"Osoite\" \/><\/span>\n<\/p>\n<p>Postinumero ja postitoimipaikka*\n<\/p>\n<p><span class=\"wpcf7-form-control-wrap\" data-name=\"pnumero\"><input size=\"5\" maxlength=\"400\" class=\"wpcf7-form-control wpcf7-text wpcf7-validates-as-required\" aria-required=\"true\" aria-invalid=\"false\" value=\"\" type=\"text\" name=\"pnumero\" \/><\/span><span class=\"wpcf7-form-control-wrap\" data-name=\"ptoimipaikka\"><input size=\"20\" maxlength=\"400\" class=\"wpcf7-form-control wpcf7-text wpcf7-validates-as-required\" aria-required=\"true\" aria-invalid=\"false\" value=\"\" type=\"text\" name=\"ptoimipaikka\" \/><\/span>\n<\/p>\n<p>S\u00e4hk\u00f6posti*\n<\/p>\n<p><span class=\"wpcf7-form-control-wrap\" data-name=\"your-email\"><input size=\"40\" maxlength=\"400\" class=\"wpcf7-form-control wpcf7-email wpcf7-validates-as-required wpcf7-text wpcf7-validates-as-email\" aria-required=\"true\" aria-invalid=\"false\" value=\"\" type=\"email\" name=\"your-email\" \/><\/span>\n<\/p>\n<p>Puhelinnumero\n<\/p>\n<p><span class=\"wpcf7-form-control-wrap\" data-name=\"Puhelin\"><input size=\"13\" maxlength=\"400\" class=\"wpcf7-form-control wpcf7-text\" aria-invalid=\"false\" value=\"\" type=\"text\" name=\"Puhelin\" \/><\/span>\n<\/p>\n<p>Haluan yhdistyksen j\u00e4sentiedotteet*\n<\/p>\n<p><span class=\"wpcf7-form-control-wrap\" data-name=\"jasentiedotteet\"><span class=\"wpcf7-form-control wpcf7-checkbox wpcf7-validates-as-required\"><span class=\"wpcf7-list-item first\"><input type=\"checkbox\" name=\"jasentiedotteet[]\" value=\"S\u00e4hk\u00f6postitse\" \/><span class=\"wpcf7-list-item-label\">S\u00e4hk\u00f6postitse<\/span><\/span><span class=\"wpcf7-list-item last\"><input type=\"checkbox\" name=\"jasentiedotteet[]\" value=\"Kirjeitse\" \/><span class=\"wpcf7-list-item-label\">Kirjeitse<\/span><\/span><\/span><\/span>\n<\/p>\n<p>Kiinnostukseni liittyy\n<\/p>\n<p><span class=\"wpcf7-form-control-wrap\" data-name=\"Kiinnostus\"><span class=\"wpcf7-form-control wpcf7-checkbox\"><span class=\"wpcf7-list-item first\"><input type=\"checkbox\" name=\"Kiinnostus[]\" value=\"Olin jatkosodassa Rukaj\u00e4rven suunnalla\" \/><span class=\"wpcf7-list-item-label\">Olin jatkosodassa Rukaj\u00e4rven suunnalla<\/span><\/span><span class=\"wpcf7-list-item\"><input type=\"checkbox\" name=\"Kiinnostus[]\" value=\"Ammattiin\" \/><span class=\"wpcf7-list-item-label\">Ammattiin<\/span><\/span><span class=\"wpcf7-list-item\"><input type=\"checkbox\" name=\"Kiinnostus[]\" value=\"Sukututkimukseen\" \/><span class=\"wpcf7-list-item-label\">Sukututkimukseen<\/span><\/span><span class=\"wpcf7-list-item last\"><input type=\"checkbox\" name=\"Kiinnostus[]\" value=\"Sotahistorian tai historian harrastukseen\" \/><span class=\"wpcf7-list-item-label\">Sotahistorian tai historian harrastukseen<\/span><\/span><\/span><\/span>\n<\/p>\n<p>Haluan osallistua perinneaineiston ker\u00e4ysty\u00f6h\u00f6n\n<\/p>\n<p><span class=\"wpcf7-form-control-wrap\" data-name=\"perinnekerays\"><span class=\"wpcf7-form-control wpcf7-radio\"><span class=\"wpcf7-list-item first\"><input type=\"radio\" name=\"perinnekerays\" value=\"Kyll\u00e4 haluan\" \/><span class=\"wpcf7-list-item-label\">Kyll\u00e4 haluan<\/span><\/span><span class=\"wpcf7-list-item last\"><input type=\"radio\" name=\"perinnekerays\" value=\"En halua\" \/><span class=\"wpcf7-list-item-label\">En halua<\/span><\/span><\/span><\/span>\n<\/p>\n<p>Kommentteja tai toiveita yhdistykselle\n<\/p>\n<p><span class=\"wpcf7-form-control-wrap\" data-name=\"kommentit\"><textarea cols=\"40\" rows=\"10\" maxlength=\"2000\" class=\"wpcf7-form-control wpcf7-textarea\" aria-invalid=\"false\" name=\"kommentit\"><\/textarea><\/span>\n<\/p>\n<p>Vapaamuotoinen kertomus omasta tai sukulaisen osallistumisesta jatkosotaan Rukaj\u00e4rven suunnalla\n<\/p>\n<p><span class=\"wpcf7-form-control-wrap\" data-name=\"tarina\"><textarea cols=\"40\" rows=\"10\" maxlength=\"2000\" class=\"wpcf7-form-control wpcf7-textarea\" aria-invalid=\"false\" name=\"tarina\"><\/textarea><\/span>\n<\/p>\n<p>Kirjoita alla n\u00e4kyv\u00e4t merkit niiden alapuolella olevaan kentt\u00e4\u00e4n. T\u00e4ll\u00e4 ehk\u00e4ist\u00e4\u00e4n automaattisia roskapostituksia.<br \/>\n<input type=\"hidden\" name=\"_wpcf7_captcha_challenge_captcha-384\" value=\"3167256612\" \/><img loading=\"lazy\" decoding=\"async\" class=\"wpcf7-form-control wpcf7-captchac wpcf7-captcha-captcha-384\" width=\"84\" height=\"28\" alt=\"captcha\" src=\"https:\/\/www.rukajarvensuunnanhistoriayhdistys.fi\/historiayhdistys\/wp-content\/uploads\/wpcf7_captcha\/3167256612.png\" \/><br \/>\n<span class=\"wpcf7-form-control-wrap\" data-name=\"captcha-384\"><input size=\"40\" class=\"wpcf7-form-control wpcf7-captchar\" autocomplete=\"off\" aria-invalid=\"false\" value=\"\" type=\"text\" name=\"captcha-384\" \/><\/span>\n<\/p>\n<p><input class=\"wpcf7-form-control wpcf7-submit has-spinner\" type=\"submit\" value=\"L\u00e4het\u00e4 j\u00e4senhakemus\" \/>\n<\/p><div class=\"wpcf7-response-output\" aria-hidden=\"true\"><\/div>\n<\/form>\n<\/div>\n\n","protected":false},"excerpt":{"rendered":"<p>Liittym\u00e4ll\u00e4 Rukaj\u00e4rven suunnan historiayhdistyksen j\u00e4seneksi p\u00e4\u00e4set mukaan mielenkiintoiseen toimintaan ja jakamaan tietojasi ja kokemuksia muiden samanhenkisten kanssa. Yhdistyksen j\u00e4senist\u00f6ss\u00e4 on todella syv\u00e4llisi\u00e4 Rukaj\u00e4rven suunnan tapahtumien asiantuntijoita. J\u00e4senen\u00e4 saat my\u00f6s k\u00e4ytt\u00f6\u00f6si <a class=\"more-link\" href=\"https:\/\/www.rukajarvensuunnanhistoriayhdistys.fi\/historiayhdistys\/liity-jaseneksi\/\">Teksti jatkuu&#8230;<span class=\"screen-reader-text\">J\u00e4senyys<\/span><span class=\"meta-nav\">\u2192<\/span><\/a><\/p>\n","protected":false},"author":2,"featured_media":0,"parent":0,"menu_order":0,"comment_status":"closed","ping_status":"open","template":"","meta":{"footnotes":""},"class_list":["post-129","page","type-page","status-publish","hentry"],"yoast_head":"<!-- This site is optimized with the Yoast SEO plugin v27.4 - https:\/\/yoast.com\/product\/yoast-seo-wordpress\/ -->\n<title>J\u00e4senyys - Rukaj\u00e4rven suunnan historiayhdistys<\/title>\n<meta name=\"robots\" content=\"index, follow, max-snippet:-1, max-image-preview:large, max-video-preview:-1\" \/>\n<link rel=\"canonical\" href=\"https:\/\/www.rukajarvensuunnanhistoriayhdistys.fi\/historiayhdistys\/liity-jaseneksi\/\" \/>\n<meta property=\"og:locale\" content=\"fi_FI\" \/>\n<meta property=\"og:type\" content=\"article\" \/>\n<meta property=\"og:title\" content=\"J\u00e4senyys - Rukaj\u00e4rven suunnan historiayhdistys\" \/>\n<meta property=\"og:description\" content=\"Liittym\u00e4ll\u00e4 Rukaj\u00e4rven suunnan historiayhdistyksen j\u00e4seneksi p\u00e4\u00e4set mukaan mielenkiintoiseen toimintaan ja jakamaan tietojasi ja kokemuksia muiden samanhenkisten kanssa. Yhdistyksen j\u00e4senist\u00f6ss\u00e4 on todella syv\u00e4llisi\u00e4 Rukaj\u00e4rven suunnan tapahtumien asiantuntijoita. J\u00e4senen\u00e4 saat my\u00f6s k\u00e4ytt\u00f6\u00f6si Teksti jatkuu...J\u00e4senyys\u2192\" \/>\n<meta property=\"og:url\" content=\"https:\/\/www.rukajarvensuunnanhistoriayhdistys.fi\/historiayhdistys\/liity-jaseneksi\/\" \/>\n<meta property=\"og:site_name\" content=\"Rukaj\u00e4rven suunnan historiayhdistys\" \/>\n<meta property=\"article:modified_time\" content=\"2018-08-13T16:31:37+00:00\" \/>\n<meta name=\"twitter:label1\" content=\"Arvioitu lukuaika\" \/>\n\t<meta name=\"twitter:data1\" content=\"1 minuutti\" \/>\n<script type=\"application\/ld+json\" class=\"yoast-schema-graph\">{\"@context\":\"https:\\\/\\\/schema.org\",\"@graph\":[{\"@type\":\"WebPage\",\"@id\":\"https:\\\/\\\/www.rukajarvensuunnanhistoriayhdistys.fi\\\/historiayhdistys\\\/liity-jaseneksi\\\/\",\"url\":\"https:\\\/\\\/www.rukajarvensuunnanhistoriayhdistys.fi\\\/historiayhdistys\\\/liity-jaseneksi\\\/\",\"name\":\"J\u00e4senyys - Rukaj\u00e4rven suunnan historiayhdistys\",\"isPartOf\":{\"@id\":\"http:\\\/\\\/www.rukajarvensuunnanhistoriayhdistys.fi\\\/historiayhdistys\\\/#website\"},\"datePublished\":\"2013-10-29T20:25:05+00:00\",\"dateModified\":\"2018-08-13T16:31:37+00:00\",\"breadcrumb\":{\"@id\":\"https:\\\/\\\/www.rukajarvensuunnanhistoriayhdistys.fi\\\/historiayhdistys\\\/liity-jaseneksi\\\/#breadcrumb\"},\"inLanguage\":\"fi\",\"potentialAction\":[{\"@type\":\"ReadAction\",\"target\":[\"https:\\\/\\\/www.rukajarvensuunnanhistoriayhdistys.fi\\\/historiayhdistys\\\/liity-jaseneksi\\\/\"]}]},{\"@type\":\"BreadcrumbList\",\"@id\":\"https:\\\/\\\/www.rukajarvensuunnanhistoriayhdistys.fi\\\/historiayhdistys\\\/liity-jaseneksi\\\/#breadcrumb\",\"itemListElement\":[{\"@type\":\"ListItem\",\"position\":1,\"name\":\"Etusivu\",\"item\":\"http:\\\/\\\/www.rukajarvensuunnanhistoriayhdistys.fi\\\/historiayhdistys\\\/\"},{\"@type\":\"ListItem\",\"position\":2,\"name\":\"J\u00e4senyys\"}]},{\"@type\":\"WebSite\",\"@id\":\"http:\\\/\\\/www.rukajarvensuunnanhistoriayhdistys.fi\\\/historiayhdistys\\\/#website\",\"url\":\"http:\\\/\\\/www.rukajarvensuunnanhistoriayhdistys.fi\\\/historiayhdistys\\\/\",\"name\":\"Rukaj\u00e4rven suunnan historiayhdistys\",\"description\":\"Rukaj\u00e4rven suunnan historiayhdistyksen verkkosivut.\",\"publisher\":{\"@id\":\"http:\\\/\\\/www.rukajarvensuunnanhistoriayhdistys.fi\\\/historiayhdistys\\\/#organization\"},\"potentialAction\":[{\"@type\":\"SearchAction\",\"target\":{\"@type\":\"EntryPoint\",\"urlTemplate\":\"http:\\\/\\\/www.rukajarvensuunnanhistoriayhdistys.fi\\\/historiayhdistys\\\/?s={search_term_string}\"},\"query-input\":{\"@type\":\"PropertyValueSpecification\",\"valueRequired\":true,\"valueName\":\"search_term_string\"}}],\"inLanguage\":\"fi\"},{\"@type\":\"Organization\",\"@id\":\"http:\\\/\\\/www.rukajarvensuunnanhistoriayhdistys.fi\\\/historiayhdistys\\\/#organization\",\"name\":\"Rukaj\u00e4rven suunnan historiayhdistys\",\"url\":\"http:\\\/\\\/www.rukajarvensuunnanhistoriayhdistys.fi\\\/historiayhdistys\\\/\",\"logo\":{\"@type\":\"ImageObject\",\"inLanguage\":\"fi\",\"@id\":\"http:\\\/\\\/www.rukajarvensuunnanhistoriayhdistys.fi\\\/historiayhdistys\\\/#\\\/schema\\\/logo\\\/image\\\/\",\"url\":\"https:\\\/\\\/www.rukajarvensuunnanhistoriayhdistys.fi\\\/historiayhdistys\\\/wp-content\\\/uploads\\\/2013\\\/12\\\/Otsake_3.jpg\",\"contentUrl\":\"https:\\\/\\\/www.rukajarvensuunnanhistoriayhdistys.fi\\\/historiayhdistys\\\/wp-content\\\/uploads\\\/2013\\\/12\\\/Otsake_3.jpg\",\"width\":1000,\"height\":442,\"caption\":\"Rukaj\u00e4rven suunnan historiayhdistys\"},\"image\":{\"@id\":\"http:\\\/\\\/www.rukajarvensuunnanhistoriayhdistys.fi\\\/historiayhdistys\\\/#\\\/schema\\\/logo\\\/image\\\/\"}}]}<\/script>\n<!-- \/ Yoast SEO plugin. -->","yoast_head_json":{"title":"J\u00e4senyys - Rukaj\u00e4rven suunnan historiayhdistys","robots":{"index":"index","follow":"follow","max-snippet":"max-snippet:-1","max-image-preview":"max-image-preview:large","max-video-preview":"max-video-preview:-1"},"canonical":"https:\/\/www.rukajarvensuunnanhistoriayhdistys.fi\/historiayhdistys\/liity-jaseneksi\/","og_locale":"fi_FI","og_type":"article","og_title":"J\u00e4senyys - Rukaj\u00e4rven suunnan historiayhdistys","og_description":"Liittym\u00e4ll\u00e4 Rukaj\u00e4rven suunnan historiayhdistyksen j\u00e4seneksi p\u00e4\u00e4set mukaan mielenkiintoiseen toimintaan ja jakamaan tietojasi ja kokemuksia muiden samanhenkisten kanssa. Yhdistyksen j\u00e4senist\u00f6ss\u00e4 on todella syv\u00e4llisi\u00e4 Rukaj\u00e4rven suunnan tapahtumien asiantuntijoita. J\u00e4senen\u00e4 saat my\u00f6s k\u00e4ytt\u00f6\u00f6si Teksti jatkuu...J\u00e4senyys\u2192","og_url":"https:\/\/www.rukajarvensuunnanhistoriayhdistys.fi\/historiayhdistys\/liity-jaseneksi\/","og_site_name":"Rukaj\u00e4rven suunnan historiayhdistys","article_modified_time":"2018-08-13T16:31:37+00:00","twitter_misc":{"Arvioitu lukuaika":"1 minuutti"},"schema":{"@context":"https:\/\/schema.org","@graph":[{"@type":"WebPage","@id":"https:\/\/www.rukajarvensuunnanhistoriayhdistys.fi\/historiayhdistys\/liity-jaseneksi\/","url":"https:\/\/www.rukajarvensuunnanhistoriayhdistys.fi\/historiayhdistys\/liity-jaseneksi\/","name":"J\u00e4senyys - Rukaj\u00e4rven suunnan historiayhdistys","isPartOf":{"@id":"http:\/\/www.rukajarvensuunnanhistoriayhdistys.fi\/historiayhdistys\/#website"},"datePublished":"2013-10-29T20:25:05+00:00","dateModified":"2018-08-13T16:31:37+00:00","breadcrumb":{"@id":"https:\/\/www.rukajarvensuunnanhistoriayhdistys.fi\/historiayhdistys\/liity-jaseneksi\/#breadcrumb"},"inLanguage":"fi","potentialAction":[{"@type":"ReadAction","target":["https:\/\/www.rukajarvensuunnanhistoriayhdistys.fi\/historiayhdistys\/liity-jaseneksi\/"]}]},{"@type":"BreadcrumbList","@id":"https:\/\/www.rukajarvensuunnanhistoriayhdistys.fi\/historiayhdistys\/liity-jaseneksi\/#breadcrumb","itemListElement":[{"@type":"ListItem","position":1,"name":"Etusivu","item":"http:\/\/www.rukajarvensuunnanhistoriayhdistys.fi\/historiayhdistys\/"},{"@type":"ListItem","position":2,"name":"J\u00e4senyys"}]},{"@type":"WebSite","@id":"http:\/\/www.rukajarvensuunnanhistoriayhdistys.fi\/historiayhdistys\/#website","url":"http:\/\/www.rukajarvensuunnanhistoriayhdistys.fi\/historiayhdistys\/","name":"Rukaj\u00e4rven suunnan historiayhdistys","description":"Rukaj\u00e4rven suunnan historiayhdistyksen verkkosivut.","publisher":{"@id":"http:\/\/www.rukajarvensuunnanhistoriayhdistys.fi\/historiayhdistys\/#organization"},"potentialAction":[{"@type":"SearchAction","target":{"@type":"EntryPoint","urlTemplate":"http:\/\/www.rukajarvensuunnanhistoriayhdistys.fi\/historiayhdistys\/?s={search_term_string}"},"query-input":{"@type":"PropertyValueSpecification","valueRequired":true,"valueName":"search_term_string"}}],"inLanguage":"fi"},{"@type":"Organization","@id":"http:\/\/www.rukajarvensuunnanhistoriayhdistys.fi\/historiayhdistys\/#organization","name":"Rukaj\u00e4rven suunnan historiayhdistys","url":"http:\/\/www.rukajarvensuunnanhistoriayhdistys.fi\/historiayhdistys\/","logo":{"@type":"ImageObject","inLanguage":"fi","@id":"http:\/\/www.rukajarvensuunnanhistoriayhdistys.fi\/historiayhdistys\/#\/schema\/logo\/image\/","url":"https:\/\/www.rukajarvensuunnanhistoriayhdistys.fi\/historiayhdistys\/wp-content\/uploads\/2013\/12\/Otsake_3.jpg","contentUrl":"https:\/\/www.rukajarvensuunnanhistoriayhdistys.fi\/historiayhdistys\/wp-content\/uploads\/2013\/12\/Otsake_3.jpg","width":1000,"height":442,"caption":"Rukaj\u00e4rven suunnan historiayhdistys"},"image":{"@id":"http:\/\/www.rukajarvensuunnanhistoriayhdistys.fi\/historiayhdistys\/#\/schema\/logo\/image\/"}}]}},"_links":{"self":[{"href":"https:\/\/www.rukajarvensuunnanhistoriayhdistys.fi\/historiayhdistys\/wp-json\/wp\/v2\/pages\/129","targetHints":{"allow":["GET"]}}],"collection":[{"href":"https:\/\/www.rukajarvensuunnanhistoriayhdistys.fi\/historiayhdistys\/wp-json\/wp\/v2\/pages"}],"about":[{"href":"https:\/\/www.rukajarvensuunnanhistoriayhdistys.fi\/historiayhdistys\/wp-json\/wp\/v2\/types\/page"}],"author":[{"embeddable":true,"href":"https:\/\/www.rukajarvensuunnanhistoriayhdistys.fi\/historiayhdistys\/wp-json\/wp\/v2\/users\/2"}],"replies":[{"embeddable":true,"href":"https:\/\/www.rukajarvensuunnanhistoriayhdistys.fi\/historiayhdistys\/wp-json\/wp\/v2\/comments?post=129"}],"version-history":[{"count":13,"href":"https:\/\/www.rukajarvensuunnanhistoriayhdistys.fi\/historiayhdistys\/wp-json\/wp\/v2\/pages\/129\/revisions"}],"predecessor-version":[{"id":11617,"href":"https:\/\/www.rukajarvensuunnanhistoriayhdistys.fi\/historiayhdistys\/wp-json\/wp\/v2\/pages\/129\/revisions\/11617"}],"wp:attachment":[{"href":"https:\/\/www.rukajarvensuunnanhistoriayhdistys.fi\/historiayhdistys\/wp-json\/wp\/v2\/media?parent=129"}],"curies":[{"name":"wp","href":"https:\/\/api.w.org\/{rel}","templated":true}]}}